{"id":132,"date":"2024-06-15T16:30:21","date_gmt":"2024-06-15T16:30:21","guid":{"rendered":"https:\/\/xn--vtrinaire-b4ab.eu\/?post_type=product&#038;p=132"},"modified":"2024-06-15T16:44:19","modified_gmt":"2024-06-15T16:44:19","slug":"specific-fxd-adult-2kg","status":"publish","type":"product","link":"https:\/\/xn--vtrinaire-b4ab.eu\/index.php\/produit\/specific-fxd-adult-2kg\/","title":{"rendered":"SPECIFIC FXD ADULT 2KG"},"content":{"rendered":"","protected":false},"excerpt":{"rendered":"<p><img loading=\"lazy\" decoding=\"async\" class=\"alignnone size-medium wp-image-133\" src=\"https:\/\/xn--vtrinaire-b4ab.eu\/wp-content\/uploads\/2024\/06\/specific-fxd-adult-2kg-550-550-123569-300x300.jpg\" alt=\"\" width=\"300\" height=\"300\" srcset=\"https:\/\/xn--vtrinaire-b4ab.eu\/wp-content\/uploads\/2024\/06\/specific-fxd-adult-2kg-550-550-123569-300x300.jpg 300w, https:\/\/xn--vtrinaire-b4ab.eu\/wp-content\/uploads\/2024\/06\/specific-fxd-adult-2kg-550-550-123569-100x100.jpg 100w, https:\/\/xn--vtrinaire-b4ab.eu\/wp-content\/uploads\/2024\/06\/specific-fxd-adult-2kg-550-550-123569-150x150.jpg 150w, https:\/\/xn--vtrinaire-b4ab.eu\/wp-content\/uploads\/2024\/06\/specific-fxd-adult-2kg-550-550-123569.jpg 550w\" sizes=\"auto, (max-width: 300px) 100vw, 300px\" \/><\/p>\n","protected":false},"featured_media":133,"comment_status":"open","ping_status":"closed","template":"","meta":[],"product_cat":[16],"product_tag":[],"class_list":{"0":"post-132","1":"product","2":"type-product","3":"status-publish","4":"has-post-thumbnail","6":"product_cat-non-classe","8":"first","9":"instock","10":"taxable","11":"shipping-taxable","12":"purchasable","13":"product-type-simple"},"yoast_head":"<!-- This site is optimized with the Yoast SEO plugin v27.3 - https:\/\/yoast.com\/product\/yoast-seo-wordpress\/ -->\n<title>SPECIFIC FXD ADULT 2KG - Cabinet V\u00e9t\u00e9rinaire Adrienne Dernier<\/title>\n<meta name=\"description\" content=\"croquette SPECIFIC FXD ADULT 2KG - v\u00e9t\u00e9rinaire Dernier Adrienne saint-hubert\" \/>\n<meta name=\"robots\" content=\"index, follow, max-snippet:-1, max-image-preview:large, max-video-preview:-1\" \/>\n<link rel=\"canonical\" href=\"https:\/\/xn--vtrinaire-b4ab.eu\/index.php\/produit\/specific-fxd-adult-2kg\/\" \/>\n<meta property=\"og:locale\" content=\"fr_FR\" \/>\n<meta property=\"og:type\" content=\"article\" \/>\n<meta property=\"og:title\" content=\"SPECIFIC FXD ADULT 2KG - Cabinet V\u00e9t\u00e9rinaire Adrienne Dernier\" \/>\n<meta property=\"og:description\" content=\"croquette SPECIFIC FXD ADULT 2KG - v\u00e9t\u00e9rinaire Dernier Adrienne saint-hubert\" \/>\n<meta property=\"og:url\" content=\"https:\/\/xn--vtrinaire-b4ab.eu\/index.php\/produit\/specific-fxd-adult-2kg\/\" \/>\n<meta property=\"og:site_name\" content=\"Cabinet V\u00e9t\u00e9rinaire Adrienne Dernier\" \/>\n<meta property=\"article:publisher\" content=\"https:\/\/www.facebook.com\/profile.php?id=100063663482454\" \/>\n<meta property=\"article:modified_time\" content=\"2024-06-15T16:44:19+00:00\" \/>\n<meta property=\"og:image\" content=\"https:\/\/xn--vtrinaire-b4ab.eu\/wp-content\/uploads\/2024\/06\/specific-fxd-adult-2kg-550-550-123569.jpg\" \/>\n\t<meta property=\"og:image:width\" content=\"550\" \/>\n\t<meta property=\"og:image:height\" content=\"550\" \/>\n\t<meta property=\"og:image:type\" content=\"image\/jpeg\" \/>\n<meta name=\"twitter:card\" content=\"summary_large_image\" \/>\n<script type=\"application\/ld+json\" class=\"yoast-schema-graph\">{\"@context\":\"https:\\\/\\\/schema.org\",\"@graph\":[{\"@type\":\"WebPage\",\"@id\":\"https:\\\/\\\/xn--vtrinaire-b4ab.eu\\\/index.php\\\/produit\\\/specific-fxd-adult-2kg\\\/\",\"url\":\"https:\\\/\\\/xn--vtrinaire-b4ab.eu\\\/index.php\\\/produit\\\/specific-fxd-adult-2kg\\\/\",\"name\":\"SPECIFIC FXD ADULT 2KG - Cabinet V\u00e9t\u00e9rinaire Adrienne Dernier\",\"isPartOf\":{\"@id\":\"https:\\\/\\\/xn--vtrinaire-b4ab.eu\\\/#website\"},\"primaryImageOfPage\":{\"@id\":\"https:\\\/\\\/xn--vtrinaire-b4ab.eu\\\/index.php\\\/produit\\\/specific-fxd-adult-2kg\\\/#primaryimage\"},\"image\":{\"@id\":\"https:\\\/\\\/xn--vtrinaire-b4ab.eu\\\/index.php\\\/produit\\\/specific-fxd-adult-2kg\\\/#primaryimage\"},\"thumbnailUrl\":\"https:\\\/\\\/xn--vtrinaire-b4ab.eu\\\/wp-content\\\/uploads\\\/2024\\\/06\\\/specific-fxd-adult-2kg-550-550-123569.jpg\",\"datePublished\":\"2024-06-15T16:30:21+00:00\",\"dateModified\":\"2024-06-15T16:44:19+00:00\",\"description\":\"croquette SPECIFIC FXD ADULT 2KG - v\u00e9t\u00e9rinaire Dernier Adrienne saint-hubert\",\"breadcrumb\":{\"@id\":\"https:\\\/\\\/xn--vtrinaire-b4ab.eu\\\/index.php\\\/produit\\\/specific-fxd-adult-2kg\\\/#breadcrumb\"},\"inLanguage\":\"fr-FR\",\"potentialAction\":[{\"@type\":\"ReadAction\",\"target\":[\"https:\\\/\\\/xn--vtrinaire-b4ab.eu\\\/index.php\\\/produit\\\/specific-fxd-adult-2kg\\\/\"]}]},{\"@type\":\"ImageObject\",\"inLanguage\":\"fr-FR\",\"@id\":\"https:\\\/\\\/xn--vtrinaire-b4ab.eu\\\/index.php\\\/produit\\\/specific-fxd-adult-2kg\\\/#primaryimage\",\"url\":\"https:\\\/\\\/xn--vtrinaire-b4ab.eu\\\/wp-content\\\/uploads\\\/2024\\\/06\\\/specific-fxd-adult-2kg-550-550-123569.jpg\",\"contentUrl\":\"https:\\\/\\\/xn--vtrinaire-b4ab.eu\\\/wp-content\\\/uploads\\\/2024\\\/06\\\/specific-fxd-adult-2kg-550-550-123569.jpg\",\"width\":550,\"height\":550},{\"@type\":\"BreadcrumbList\",\"@id\":\"https:\\\/\\\/xn--vtrinaire-b4ab.eu\\\/index.php\\\/produit\\\/specific-fxd-adult-2kg\\\/#breadcrumb\",\"itemListElement\":[{\"@type\":\"ListItem\",\"position\":1,\"name\":\"Accueil\",\"item\":\"https:\\\/\\\/xn--vtrinaire-b4ab.eu\\\/\"},{\"@type\":\"ListItem\",\"position\":2,\"name\":\"Boutique\",\"item\":\"https:\\\/\\\/xn--vtrinaire-b4ab.eu\\\/index.php\\\/boutique\\\/\"},{\"@type\":\"ListItem\",\"position\":3,\"name\":\"SPECIFIC FXD ADULT 2KG\"}]},{\"@type\":\"WebSite\",\"@id\":\"https:\\\/\\\/xn--vtrinaire-b4ab.eu\\\/#website\",\"url\":\"https:\\\/\\\/xn--vtrinaire-b4ab.eu\\\/\",\"name\":\"V\u00e9t\u00e9rinaire Saint-Hubert ,Arville - Docteur Adrienne Dernier\",\"description\":\"\",\"publisher\":{\"@id\":\"https:\\\/\\\/xn--vtrinaire-b4ab.eu\\\/#organization\"},\"alternateName\":\"Dr Adrienne Dernier Saint-Hubert Arville\",\"potentialAction\":[{\"@type\":\"SearchAction\",\"target\":{\"@type\":\"EntryPoint\",\"urlTemplate\":\"https:\\\/\\\/xn--vtrinaire-b4ab.eu\\\/?s={search_term_string}\"},\"query-input\":{\"@type\":\"PropertyValueSpecification\",\"valueRequired\":true,\"valueName\":\"search_term_string\"}}],\"inLanguage\":\"fr-FR\"},{\"@type\":\"Organization\",\"@id\":\"https:\\\/\\\/xn--vtrinaire-b4ab.eu\\\/#organization\",\"name\":\"Cabinet V\u00e9t\u00e9rinaire Adrienne Dernier\",\"url\":\"https:\\\/\\\/xn--vtrinaire-b4ab.eu\\\/\",\"logo\":{\"@type\":\"ImageObject\",\"inLanguage\":\"fr-FR\",\"@id\":\"https:\\\/\\\/xn--vtrinaire-b4ab.eu\\\/#\\\/schema\\\/logo\\\/image\\\/\",\"url\":\"https:\\\/\\\/xn--vtrinaire-b4ab.eu\\\/wp-content\\\/uploads\\\/2023\\\/10\\\/cropped-Dr-adri-vete-2.jpg\",\"contentUrl\":\"https:\\\/\\\/xn--vtrinaire-b4ab.eu\\\/wp-content\\\/uploads\\\/2023\\\/10\\\/cropped-Dr-adri-vete-2.jpg\",\"width\":2041,\"height\":1702,\"caption\":\"Cabinet V\u00e9t\u00e9rinaire Adrienne Dernier\"},\"image\":{\"@id\":\"https:\\\/\\\/xn--vtrinaire-b4ab.eu\\\/#\\\/schema\\\/logo\\\/image\\\/\"},\"sameAs\":[\"https:\\\/\\\/www.facebook.com\\\/profile.php?id=100063663482454\"]}]}<\/script>\n<!-- \/ Yoast SEO plugin. -->","yoast_head_json":{"title":"SPECIFIC FXD ADULT 2KG - Cabinet V\u00e9t\u00e9rinaire Adrienne Dernier","description":"croquette SPECIFIC FXD ADULT 2KG - v\u00e9t\u00e9rinaire Dernier Adrienne saint-hubert","robots":{"index":"index","follow":"follow","max-snippet":"max-snippet:-1","max-image-preview":"max-image-preview:large","max-video-preview":"max-video-preview:-1"},"canonical":"https:\/\/xn--vtrinaire-b4ab.eu\/index.php\/produit\/specific-fxd-adult-2kg\/","og_locale":"fr_FR","og_type":"article","og_title":"SPECIFIC FXD ADULT 2KG - Cabinet V\u00e9t\u00e9rinaire Adrienne Dernier","og_description":"croquette SPECIFIC FXD ADULT 2KG - v\u00e9t\u00e9rinaire Dernier Adrienne saint-hubert","og_url":"https:\/\/xn--vtrinaire-b4ab.eu\/index.php\/produit\/specific-fxd-adult-2kg\/","og_site_name":"Cabinet V\u00e9t\u00e9rinaire Adrienne Dernier","article_publisher":"https:\/\/www.facebook.com\/profile.php?id=100063663482454","article_modified_time":"2024-06-15T16:44:19+00:00","og_image":[{"width":550,"height":550,"url":"https:\/\/xn--vtrinaire-b4ab.eu\/wp-content\/uploads\/2024\/06\/specific-fxd-adult-2kg-550-550-123569.jpg","type":"image\/jpeg"}],"twitter_card":"summary_large_image","schema":{"@context":"https:\/\/schema.org","@graph":[{"@type":"WebPage","@id":"https:\/\/xn--vtrinaire-b4ab.eu\/index.php\/produit\/specific-fxd-adult-2kg\/","url":"https:\/\/xn--vtrinaire-b4ab.eu\/index.php\/produit\/specific-fxd-adult-2kg\/","name":"SPECIFIC FXD ADULT 2KG - Cabinet V\u00e9t\u00e9rinaire Adrienne Dernier","isPartOf":{"@id":"https:\/\/xn--vtrinaire-b4ab.eu\/#website"},"primaryImageOfPage":{"@id":"https:\/\/xn--vtrinaire-b4ab.eu\/index.php\/produit\/specific-fxd-adult-2kg\/#primaryimage"},"image":{"@id":"https:\/\/xn--vtrinaire-b4ab.eu\/index.php\/produit\/specific-fxd-adult-2kg\/#primaryimage"},"thumbnailUrl":"https:\/\/xn--vtrinaire-b4ab.eu\/wp-content\/uploads\/2024\/06\/specific-fxd-adult-2kg-550-550-123569.jpg","datePublished":"2024-06-15T16:30:21+00:00","dateModified":"2024-06-15T16:44:19+00:00","description":"croquette SPECIFIC FXD ADULT 2KG - v\u00e9t\u00e9rinaire Dernier Adrienne saint-hubert","breadcrumb":{"@id":"https:\/\/xn--vtrinaire-b4ab.eu\/index.php\/produit\/specific-fxd-adult-2kg\/#breadcrumb"},"inLanguage":"fr-FR","potentialAction":[{"@type":"ReadAction","target":["https:\/\/xn--vtrinaire-b4ab.eu\/index.php\/produit\/specific-fxd-adult-2kg\/"]}]},{"@type":"ImageObject","inLanguage":"fr-FR","@id":"https:\/\/xn--vtrinaire-b4ab.eu\/index.php\/produit\/specific-fxd-adult-2kg\/#primaryimage","url":"https:\/\/xn--vtrinaire-b4ab.eu\/wp-content\/uploads\/2024\/06\/specific-fxd-adult-2kg-550-550-123569.jpg","contentUrl":"https:\/\/xn--vtrinaire-b4ab.eu\/wp-content\/uploads\/2024\/06\/specific-fxd-adult-2kg-550-550-123569.jpg","width":550,"height":550},{"@type":"BreadcrumbList","@id":"https:\/\/xn--vtrinaire-b4ab.eu\/index.php\/produit\/specific-fxd-adult-2kg\/#breadcrumb","itemListElement":[{"@type":"ListItem","position":1,"name":"Accueil","item":"https:\/\/xn--vtrinaire-b4ab.eu\/"},{"@type":"ListItem","position":2,"name":"Boutique","item":"https:\/\/xn--vtrinaire-b4ab.eu\/index.php\/boutique\/"},{"@type":"ListItem","position":3,"name":"SPECIFIC FXD ADULT 2KG"}]},{"@type":"WebSite","@id":"https:\/\/xn--vtrinaire-b4ab.eu\/#website","url":"https:\/\/xn--vtrinaire-b4ab.eu\/","name":"V\u00e9t\u00e9rinaire Saint-Hubert ,Arville - Docteur Adrienne Dernier","description":"","publisher":{"@id":"https:\/\/xn--vtrinaire-b4ab.eu\/#organization"},"alternateName":"Dr Adrienne Dernier Saint-Hubert Arville","potentialAction":[{"@type":"SearchAction","target":{"@type":"EntryPoint","urlTemplate":"https:\/\/xn--vtrinaire-b4ab.eu\/?s={search_term_string}"},"query-input":{"@type":"PropertyValueSpecification","valueRequired":true,"valueName":"search_term_string"}}],"inLanguage":"fr-FR"},{"@type":"Organization","@id":"https:\/\/xn--vtrinaire-b4ab.eu\/#organization","name":"Cabinet V\u00e9t\u00e9rinaire Adrienne Dernier","url":"https:\/\/xn--vtrinaire-b4ab.eu\/","logo":{"@type":"ImageObject","inLanguage":"fr-FR","@id":"https:\/\/xn--vtrinaire-b4ab.eu\/#\/schema\/logo\/image\/","url":"https:\/\/xn--vtrinaire-b4ab.eu\/wp-content\/uploads\/2023\/10\/cropped-Dr-adri-vete-2.jpg","contentUrl":"https:\/\/xn--vtrinaire-b4ab.eu\/wp-content\/uploads\/2023\/10\/cropped-Dr-adri-vete-2.jpg","width":2041,"height":1702,"caption":"Cabinet V\u00e9t\u00e9rinaire Adrienne Dernier"},"image":{"@id":"https:\/\/xn--vtrinaire-b4ab.eu\/#\/schema\/logo\/image\/"},"sameAs":["https:\/\/www.facebook.com\/profile.php?id=100063663482454"]}]}},"jetpack_sharing_enabled":true,"_links":{"self":[{"href":"https:\/\/xn--vtrinaire-b4ab.eu\/index.php\/wp-json\/wp\/v2\/product\/132","targetHints":{"allow":["GET"]}}],"collection":[{"href":"https:\/\/xn--vtrinaire-b4ab.eu\/index.php\/wp-json\/wp\/v2\/product"}],"about":[{"href":"https:\/\/xn--vtrinaire-b4ab.eu\/index.php\/wp-json\/wp\/v2\/types\/product"}],"replies":[{"embeddable":true,"href":"https:\/\/xn--vtrinaire-b4ab.eu\/index.php\/wp-json\/wp\/v2\/comments?post=132"}],"wp:featuredmedia":[{"embeddable":true,"href":"https:\/\/xn--vtrinaire-b4ab.eu\/index.php\/wp-json\/wp\/v2\/media\/133"}],"wp:attachment":[{"href":"https:\/\/xn--vtrinaire-b4ab.eu\/index.php\/wp-json\/wp\/v2\/media?parent=132"}],"wp:term":[{"taxonomy":"product_cat","embeddable":true,"href":"https:\/\/xn--vtrinaire-b4ab.eu\/index.php\/wp-json\/wp\/v2\/product_cat?post=132"},{"taxonomy":"product_tag","embeddable":true,"href":"https:\/\/xn--vtrinaire-b4ab.eu\/index.php\/wp-json\/wp\/v2\/product_tag?post=132"}],"curies":[{"name":"wp","href":"https:\/\/api.w.org\/{rel}","templated":true}]}}